{"id":7,"date":"2017-09-27T21:36:34","date_gmt":"2017-09-27T19:36:34","guid":{"rendered":"http:\/\/wchmurze.cloud\/?page_id=7"},"modified":"2021-05-26T03:27:50","modified_gmt":"2021-05-26T01:27:50","slug":"o-nas","status":"publish","type":"page","link":"https:\/\/wchmurze.cloud\/index.php\/o-nas\/","title":{"rendered":"O nas"},"content":{"rendered":"<p>Kim jeste\u015bmy ?<\/p>\n<p>Szarymi zjadaczami chleba, kt\u00f3ry ju\u017c dawno przestali wierzy\u0107 w \u015bwi\u0119tego Miko\u0142aja i darmowe lancze.<\/p>\n<p>&nbsp;<\/p>\n<h5><strong>djkormo<\/strong><\/h5>\n<p>W IT od 20 lat. Robi\u0142em r\u00f3\u017cne rzeczy. Administrowa\u0142em sieci\u0105 komputerow\u0105 Novell Netware, mam z niej nawet zakurzony certyfikat. Na tej platformie pozna\u0142em pierwsza relacyjn\u0105 baz\u0119 danych, SQLGupta i zacz\u0105\u0142em si\u0119 bawi\u0107 j\u0119zykiem sql. Jednocze\u015bnie pojawi\u0142 si\u0119 Linux. Do dzi\u015b pami\u0119tam pierwsz\u0105 instalacj\u0119 z p\u0142yty CD Redhat Linux 4.0 Colgate i pierwszy skrypt w Perlu (CGI), gdy postawi\u0142em lokalny serwer w<span class=\"text_exposed_show\">ww. Potem zainteresowania w kierunku PHP, Postgresql. Przez zupe\u0142ny przypadek utkn\u0105\u0142em w technologiach Microsoftu w okolicach SQL Server 7.0&#8230;(&#8230;)&#8230;\u00a0 Z tego zakresu zda\u0142em egzaminy <\/span><\/p>\n<p><a href=\"https:\/\/www.microsoft.com\/en-us\/learning\/exam-70-461.aspx\" target=\"_blank\" rel=\"noopener noreferrer\">70-461<\/a><span class=\"text_exposed_show\">, <a href=\"https:\/\/www.microsoft.com\/en-us\/learning\/exam-70-462.aspx\" target=\"_blank\" rel=\"noopener noreferrer\">70-462<\/a>, <a href=\"https:\/\/www.microsoft.com\/en-us\/learning\/exam-70-463.aspx\" target=\"_blank\" rel=\"noopener noreferrer\">70-463<\/a> uzyskuj\u0105c certyfikat:<br \/>\n<\/span><\/p>\n<p class=\"badge-details-name word-break-mobile\"><a href=\"https:\/\/www.youracclaim.com\/badges\/db72d5eb-3601-4f5b-a0af-cb9058877559\" target=\"_blank\" rel=\"noopener noreferrer\"><strong>MCSA: SQL Server 2012\/2014 &#8211; Certified 2017<\/strong><\/a><\/p>\n<p><span class=\"text_exposed_show\">Chmur\u0105 publiczn\u0105 zacz\u0105\u0142em interesowa\u0107 si\u0119 ok. p\u00f3\u0142tora roku temu (lato\/jesie\u0144 2017 roku). AWS, GCP i Azure. Ten ostatni najbardziej mi si\u0119 spodoba\u0142, jako naturalne przed\u0142u\u017cenie mojego do\u015bwiadczenia z Data Platform.<\/span><\/p>\n<p><span class=\"text_exposed_show\">Pierwszy warsztat, kt\u00f3ry wrzuci\u0142 mi do g\u0142owy sporo wiedzy na temat Azure, to spotkanie w Poznaniu jesieni\u0105 2017 roku w siedzibie Pepco<\/span><\/p>\n<p><a href=\"https:\/\/www.meetup.com\/pl-PL\/Microsoft-Azure-Users-Group-Poland\/events\/242365658\/?fbclid=IwAR3jLt5H4D1llmv6SHXAw20hrftV4YtmIvRxiLFsCIz6JWdDBlUpr09oSQ4\" target=\"_blank\" rel=\"noopener nofollow noreferrer\" data-ft=\"{&quot;tn&quot;:&quot;-U&quot;}\" data-lynx-mode=\"asynclazy\" data-lynx-uri=\"https:\/\/l.facebook.com\/l.php?u=https%3A%2F%2Fwww.meetup.com%2Fpl-PL%2FMicrosoft-Azure-Users-Group-Poland%2Fevents%2F242365658%2F%3Ffbclid%3DIwAR3jLt5H4D1llmv6SHXAw20hrftV4YtmIvRxiLFsCIz6JWdDBlUpr09oSQ4&amp;h=AT07fOT1W-gvfARgocJfSIx3P4W0emZULOB7ZHFaCdQFkqdhRsAWfJ8OSay5dPJL7FQES-Jc8qQijtuUH78u09GqznO_rflhO2SWTiNlPUBrI6luzrDbncpfH3k_HlZvovdT\">https:\/\/www.meetup.com\/pl-PL\/<wbr \/>Microsoft-Azure-Users-Group-Poland\/<wbr \/>events\/242365658\/<\/a><\/p>\n<p>Wybra\u0142em \u015bcie\u017ck\u0119 OPS, kt\u00f3r\u0105 poprowadzi\u0142 <a class=\"profileLink\" href=\"https:\/\/www.facebook.com\/michal.furmankiewicz?eid=ARCiqigxaORgur8UuOkzdQ9cL408H9KkddqXK9oJzkm_bSyCOPo5xRPT_emyvg40WmcEC5UspGGhdlZE\" data-hovercard=\"\/ajax\/hovercard\/user.php?id=1365232890&amp;extragetparams=%7B%22eid%22%3A%22ARCiqigxaORgur8UuOkzdQ9cL408H9KkddqXK9oJzkm_bSyCOPo5xRPT_emyvg40WmcEC5UspGGhdlZE%22%2C%22directed_target_id%22%3A1761486787208114%7D\" data-hovercard-prefer-more-content-show=\"1\">Michal Furmankiewicz<\/a> (szacun!). Potem pocz\u0105tkowy zapa\u0142 opad\u0142, ale po miesi\u0105cach walki z subskrypcjami Trial i AzurePass, postanowi\u0142em zmierzy\u0107 si\u0119 z pierwszym egzaminem. Wybra\u0142em 70-533, czyli cze\u015b\u0107 administracyjn\u0105. Po pozytywnym zdaniu, wybra\u0142em ma\u0142o popularny egzamin 70-473, czyli bazy danych w Azure<\/p>\n<p><span class=\"text_exposed_show\">Dotychczasowe moje do\u015bwiadczenia z Azure zweryfikowa\u0142y moj\u0105 wiedz\u0119 i pozwoli\u0142y na jej usystematyzowane w obszarach administracji, CI\/CD, programowania i braki w architekturze. Do tej pory zda\u0142em egzaminy <a href=\"https:\/\/www.microsoft.com\/en-us\/learning\/exam-70-533.aspx\" target=\"_blank\" rel=\"noopener noreferrer\">70-533<\/a> i <a href=\"https:\/\/www.microsoft.com\/en-us\/learning\/exam-70-473.aspx\" target=\"_blank\" rel=\"noopener noreferrer\">70-473<\/a>, <a href=\"https:\/\/www.microsoft.com\/en-us\/learning\/exam-AZ-102.aspx\" target=\"_blank\" rel=\"noopener noreferrer\">AZ-102<\/a> i nie powiedzia\u0142em ostatniego s\u0142owa. <\/span><span class=\"text_exposed_show\">Atakuj\u0119 chmur\u0119 od szczeg\u00f3\u0142\u00f3w do og\u00f3\u0142u.<\/span><\/p>\n<p>Zdanie egzaminu <span class=\"text_exposed_show\">70-473<\/span> pozwoli\u0142o na uzyskanie certyfikatu<\/p>\n<p class=\"badge-details-name word-break-mobile\"><a href=\"https:\/\/www.youracclaim.com\/badges\/31807502-4e71-4aeb-b0bd-1e8629944954\" target=\"_blank\" rel=\"noopener noreferrer\"><strong>MCSE: Data Management and Analytics \u2014 Certified 2018<\/strong><\/a><\/p>\n<p>Zdanie egzaminu AZ-102 pozwoli\u0142o na uzyskanie certyfikatu<\/p>\n<p class=\"badge-details-name word-break-mobile\"><a href=\"https:\/\/www.youracclaim.com\/badges\/52764d14-0792-4a0d-b1ed-61aff00dee04\" target=\"_blank\" rel=\"noopener noreferrer\"><strong>Microsoft Certified: Azure Administrator Associate<\/strong><\/a><\/p>\n<p><span class=\"text_exposed_show\">W ten spos\u00f3b zosta\u0142em certyfikowanym pomagierem administratora Azure.<\/span><\/p>\n<p>15 listopada 2018\u00a0 zda\u0142em egzamin <a href=\"https:\/\/www.microsoft.com\/en-us\/learning\/exam-70-532.aspx\" target=\"_blank\" rel=\"noopener noreferrer\">70-532<\/a>. Trzeci zdany egzamin z technologii chmurowych Azure pozwoli\u0142 na uzyskanie dw\u00f3ch certyfikat\u00f3w na raz<\/p>\n<p class=\"badge-details-name word-break-mobile\"><a href=\"https:\/\/www.youracclaim.com\/badges\/d0fb1f1b-d44b-412c-bb60-50fff26c613b\" target=\"_blank\" rel=\"noopener noreferrer\"><strong>MCSA: Cloud Platform &#8211; Certified 2018<\/strong><\/a><\/p>\n<p class=\"badge-details-name word-break-mobile\"><a href=\"https:\/\/www.youracclaim.com\/badges\/564988ee-374d-4c35-af94-a6440526d2bb\" target=\"_blank\" rel=\"noopener noreferrer\"><strong>MCSE: Cloud Platform and Infrastructure \u2014 Certified 2018<\/strong><\/a><\/p>\n<p>&nbsp;<\/p>\n<p class=\"badge-details-name word-break-mobile\"><strong>Kolejny egzamin kt\u00f3ry zdawa\u0142em w trybie beta to<\/strong><\/p>\n<p><a href=\"https:\/\/www.youracclaim.com\/badges\/b6a383c0-59be-4fe3-bceb-7bb07477383c\" target=\"_blank\" rel=\"noopener noreferrer\">DP-100: Designing and Implementing a Data Science Solution on Azure<\/a><\/p>\n<p>W tym miejscu\u00a0 wklejam wpis , kt\u00f3ry w momencie otrzymania potwierdzenia certyfikacji wstawi\u0142em na grupie Azure Poland<\/p>\n<p><em>&#8220;Po dw\u00f3ch miesi\u0105cach oczekiwa\u0144, uda\u0142o si\u0119 potwierdzi\u0107, \u017ce zda\u0142em egzamin DP-100 w wersji beta. <a href=\"https:\/\/www.youracclaim.com\/badges\/b6a383c0-59be-4fe3-bceb-7bb07477383c\/linked_in_profile?fbclid=IwAR08FOvHWai07aI1MYdpg1ovsW8bmpIVWg94fURi2EEEwRHcThPXXaLY_Zg\" target=\"_blank\" rel=\"noopener nofollow noreferrer\" data-ft=\"{&quot;tn&quot;:&quot;-U&quot;}\" data-lynx-mode=\"asynclazy\" data-lynx-uri=\"https:\/\/l.facebook.com\/l.php?u=https%3A%2F%2Fwww.youracclaim.com%2Fbadges%2Fb6a383c0-59be-4fe3-bceb-7bb07477383c%2Flinked_in_profile%3Ffbclid%3DIwAR08FOvHWai07aI1MYdpg1ovsW8bmpIVWg94fURi2EEEwRHcThPXXaLY_Zg&amp;h=AT3kQgkCzoKx5dTBeZk2djaKbqt6sXcbeHHJA-SywzsMzSMlWAfJ9j7M1S84HEf961MyBmMlcDznJOak0VkG9JPEgS-0Rh4NE0YfvEuQVBDH_LCC5O_pZUobLwYSYwbQ8zOFDuCYn7uML8IeLH0K67UKNx0\">https:\/\/www.youracclaim.com\/\u2026\/b6a383c0-59\u2026\/linked_in_profile<\/a> . Dla tych, kt\u00f3rzy obserwuj\u0105 zmiany w certyfikacji Microsoft, s\u0105 one ostatnio dynamiczne i nie do ko\u0144ca zrozumia\u0142e. Na wynik czeka\u0142em dwa miesi\u0105ce. Historyczne MS promowa\u0142 najpierw j\u0119zyk R, gdy\u017c kupi\u0142 firm\u0119 Revolution Analytics. Udowadnia\u0142 wtedy, \u017ce R mo\u017ce pracowa\u0142 na wielu w\u0105tkach. Pojawi\u0142 si\u0119 R Server. Potem dodano j\u0119zyk Python i zmieniono nazw\u0119 produktu na Machine Learning Server. Ca\u0142y czas adepci analizy danych mieli dylemat, kt\u00f3rego j\u0119zyka R czy Pythona si\u0119 uczy\u0107 ? To ju\u017c historia, R odchodzi, gr\u0119 o tron wygra\u0142 Python. To ostatnie na podstawie pyta\u0144 z egzaminu. Te kr\u0119te drogi ucz\u0105 mnie, \u017ce ca\u0142y czas trzeba by\u0107 na bie\u017c\u0105co.&#8221;<\/em><\/p>\n<p>Od po\u0142owy 2018 zacz\u0105\u0142em interesowa\u0107 si\u0119 r\u00f3wnie\u017c konteneryzacj\u0105, czyli par\u0105 produkt\u00f3w: Docker i Kubernetes.<\/p>\n<p>Pe\u0142na lista odznak:<\/p>\n<p><a href=\"https:\/\/www.youracclaim.com\/users\/krzysztof-pudlowski\/badges\" target=\"_blank\" rel=\"noopener noreferrer\">https:\/\/www.youracclaim.com\/users\/krzysztof-pudlowski\/badges<\/a><\/p>\n<p>&nbsp;<\/p>\n<p>To czego tam nie ma<\/p>\n<p>&nbsp;<\/p>\n<p><img decoding=\"async\" loading=\"lazy\" class=\"aligncenter size-full wp-image-1277\" src=\"https:\/\/wchmurze.cloud\/wp-content\/uploads\/2019\/12\/gcp_cert_1.png\" alt=\"\" width=\"787\" height=\"605\" srcset=\"https:\/\/wchmurze.cloud\/wp-content\/uploads\/2019\/12\/gcp_cert_1.png 787w, https:\/\/wchmurze.cloud\/wp-content\/uploads\/2019\/12\/gcp_cert_1-300x231.png 300w, https:\/\/wchmurze.cloud\/wp-content\/uploads\/2019\/12\/gcp_cert_1-768x590.png 768w\" sizes=\"(max-width: 787px) 100vw, 787px\" \/><\/p>\n<p>&nbsp;<\/p>\n<p>I na ko\u0144cu wisienka na torcie<\/p>\n<h5><img decoding=\"async\" loading=\"lazy\" class=\"aligncenter wp-image-1462 size-large\" src=\"https:\/\/wchmurze.cloud\/wp-content\/uploads\/2021\/05\/cka-2021-1024x793.jpg\" alt=\"\" width=\"1024\" height=\"793\" srcset=\"https:\/\/wchmurze.cloud\/wp-content\/uploads\/2021\/05\/cka-2021-1024x793.jpg 1024w, https:\/\/wchmurze.cloud\/wp-content\/uploads\/2021\/05\/cka-2021-300x232.jpg 300w, https:\/\/wchmurze.cloud\/wp-content\/uploads\/2021\/05\/cka-2021-768x595.jpg 768w, https:\/\/wchmurze.cloud\/wp-content\/uploads\/2021\/05\/cka-2021.jpg 1235w\" sizes=\"(max-width: 1024px) 100vw, 1024px\" \/><\/h5>\n<p>&nbsp;<\/p>\n<p><strong>jlos<\/strong><\/p>\n<p>Nie chcia\u0142 powiedzie\u0107 nic o sobie. Zas\u0142oni\u0142 si\u0119 RODO.<\/p>\n<p><a href=\"https:\/\/www.youracclaim.com\/users\/jerzy-los\/badges\" target=\"_blank\" rel=\"noopener noreferrer\">https:\/\/www.youracclaim.com\/users\/jerzy-los\/badges<\/a><\/p>\n<p>&nbsp;<\/p>\n","protected":false},"excerpt":{"rendered":"<p>Kim jeste\u015bmy ? Szarymi zjadaczami chleba, kt\u00f3ry ju\u017c dawno przestali wierzy\u0107 w \u015bwi\u0119tego Miko\u0142aja i darmowe lancze. &nbsp; djkormo W IT od 20 lat. Robi\u0142em r\u00f3\u017cne rzeczy. Administrowa\u0142em sieci\u0105 komputerow\u0105 Novell Netware, mam z niej nawet zakurzony certyfikat. Na tej &hellip; <a href=\"https:\/\/wchmurze.cloud\/index.php\/o-nas\/\">Continued<\/a><\/p>\n","protected":false},"author":1,"featured_media":1079,"parent":0,"menu_order":0,"comment_status":"closed","ping_status":"closed","template":"","meta":[],"yoast_head":"<!-- This site is optimized with the Yoast SEO plugin v19.13 - https:\/\/yoast.com\/wordpress\/plugins\/seo\/ -->\n<title>O nas - W chmurze o chmurze i nie tylko<\/title>\n<meta name=\"robots\" content=\"index, follow, max-snippet:-1, max-image-preview:large, max-video-preview:-1\" \/>\n<link rel=\"canonical\" href=\"https:\/\/wchmurze.cloud\/index.php\/o-nas\/\" \/>\n<meta property=\"og:locale\" content=\"pl_PL\" \/>\n<meta property=\"og:type\" content=\"article\" \/>\n<meta property=\"og:title\" content=\"O nas - W chmurze o chmurze i nie tylko\" \/>\n<meta property=\"og:description\" content=\"Kim jeste\u015bmy ? Szarymi zjadaczami chleba, kt\u00f3ry ju\u017c dawno przestali wierzy\u0107 w \u015bwi\u0119tego Miko\u0142aja i darmowe lancze. &nbsp; djkormo W IT od 20 lat. Robi\u0142em r\u00f3\u017cne rzeczy. Administrowa\u0142em sieci\u0105 komputerow\u0105 Novell Netware, mam z niej nawet zakurzony certyfikat. Na tej &hellip; Continued\" \/>\n<meta property=\"og:url\" content=\"https:\/\/wchmurze.cloud\/index.php\/o-nas\/\" \/>\n<meta property=\"og:site_name\" content=\"W chmurze o chmurze i nie tylko\" \/>\n<meta property=\"article:modified_time\" content=\"2021-05-26T01:27:50+00:00\" \/>\n<meta property=\"og:image\" content=\"https:\/\/wchmurze.cloud\/wp-content\/uploads\/2019\/08\/o-nas.jpg\" \/>\n\t<meta property=\"og:image:width\" content=\"600\" \/>\n\t<meta property=\"og:image:height\" content=\"450\" \/>\n\t<meta property=\"og:image:type\" content=\"image\/jpeg\" \/>\n<meta name=\"twitter:card\" content=\"summary_large_image\" \/>\n<meta name=\"twitter:label1\" content=\"Szacowany czas czytania\" \/>\n\t<meta name=\"twitter:data1\" content=\"3 minuty\" \/>\n<script type=\"application\/ld+json\" class=\"yoast-schema-graph\">{\"@context\":\"https:\/\/schema.org\",\"@graph\":[{\"@type\":\"WebPage\",\"@id\":\"https:\/\/wchmurze.cloud\/index.php\/o-nas\/\",\"url\":\"https:\/\/wchmurze.cloud\/index.php\/o-nas\/\",\"name\":\"O nas - W chmurze o chmurze i nie tylko\",\"isPartOf\":{\"@id\":\"https:\/\/wchmurze.cloud\/#website\"},\"datePublished\":\"2017-09-27T19:36:34+00:00\",\"dateModified\":\"2021-05-26T01:27:50+00:00\",\"breadcrumb\":{\"@id\":\"https:\/\/wchmurze.cloud\/index.php\/o-nas\/#breadcrumb\"},\"inLanguage\":\"pl-PL\",\"potentialAction\":[{\"@type\":\"ReadAction\",\"target\":[\"https:\/\/wchmurze.cloud\/index.php\/o-nas\/\"]}]},{\"@type\":\"BreadcrumbList\",\"@id\":\"https:\/\/wchmurze.cloud\/index.php\/o-nas\/#breadcrumb\",\"itemListElement\":[{\"@type\":\"ListItem\",\"position\":1,\"name\":\"Strona g\u0142\u00f3wna\",\"item\":\"https:\/\/wchmurze.cloud\/\"},{\"@type\":\"ListItem\",\"position\":2,\"name\":\"O nas\"}]},{\"@type\":\"WebSite\",\"@id\":\"https:\/\/wchmurze.cloud\/#website\",\"url\":\"https:\/\/wchmurze.cloud\/\",\"name\":\"W chmurze o chmurze i nie tylko\",\"description\":\"W chmurze o chmurze i nie tylko\",\"publisher\":{\"@id\":\"https:\/\/wchmurze.cloud\/#\/schema\/person\/9832cc6f86f99f541d983d2b8d60f323\"},\"potentialAction\":[{\"@type\":\"SearchAction\",\"target\":{\"@type\":\"EntryPoint\",\"urlTemplate\":\"https:\/\/wchmurze.cloud\/?s={search_term_string}\"},\"query-input\":\"required name=search_term_string\"}],\"inLanguage\":\"pl-PL\"},{\"@type\":[\"Person\",\"Organization\"],\"@id\":\"https:\/\/wchmurze.cloud\/#\/schema\/person\/9832cc6f86f99f541d983d2b8d60f323\",\"name\":\"djkormo\",\"image\":{\"@type\":\"ImageObject\",\"inLanguage\":\"pl-PL\",\"@id\":\"https:\/\/wchmurze.cloud\/#\/schema\/person\/image\/\",\"url\":\"https:\/\/secure.gravatar.com\/avatar\/14a901b808871fa98086ae259c45d646?s=96&d=mm&r=g\",\"contentUrl\":\"https:\/\/secure.gravatar.com\/avatar\/14a901b808871fa98086ae259c45d646?s=96&d=mm&r=g\",\"caption\":\"djkormo\"},\"logo\":{\"@id\":\"https:\/\/wchmurze.cloud\/#\/schema\/person\/image\/\"}}]}<\/script>\n<!-- \/ Yoast SEO plugin. -->","yoast_head_json":{"title":"O nas - W chmurze o chmurze i nie tylko","robots":{"index":"index","follow":"follow","max-snippet":"max-snippet:-1","max-image-preview":"max-image-preview:large","max-video-preview":"max-video-preview:-1"},"canonical":"https:\/\/wchmurze.cloud\/index.php\/o-nas\/","og_locale":"pl_PL","og_type":"article","og_title":"O nas - W chmurze o chmurze i nie tylko","og_description":"Kim jeste\u015bmy ? Szarymi zjadaczami chleba, kt\u00f3ry ju\u017c dawno przestali wierzy\u0107 w \u015bwi\u0119tego Miko\u0142aja i darmowe lancze. &nbsp; djkormo W IT od 20 lat. Robi\u0142em r\u00f3\u017cne rzeczy. Administrowa\u0142em sieci\u0105 komputerow\u0105 Novell Netware, mam z niej nawet zakurzony certyfikat. Na tej &hellip; Continued","og_url":"https:\/\/wchmurze.cloud\/index.php\/o-nas\/","og_site_name":"W chmurze o chmurze i nie tylko","article_modified_time":"2021-05-26T01:27:50+00:00","og_image":[{"width":600,"height":450,"url":"https:\/\/wchmurze.cloud\/wp-content\/uploads\/2019\/08\/o-nas.jpg","type":"image\/jpeg"}],"twitter_card":"summary_large_image","twitter_misc":{"Szacowany czas czytania":"3 minuty"},"schema":{"@context":"https:\/\/schema.org","@graph":[{"@type":"WebPage","@id":"https:\/\/wchmurze.cloud\/index.php\/o-nas\/","url":"https:\/\/wchmurze.cloud\/index.php\/o-nas\/","name":"O nas - W chmurze o chmurze i nie tylko","isPartOf":{"@id":"https:\/\/wchmurze.cloud\/#website"},"datePublished":"2017-09-27T19:36:34+00:00","dateModified":"2021-05-26T01:27:50+00:00","breadcrumb":{"@id":"https:\/\/wchmurze.cloud\/index.php\/o-nas\/#breadcrumb"},"inLanguage":"pl-PL","potentialAction":[{"@type":"ReadAction","target":["https:\/\/wchmurze.cloud\/index.php\/o-nas\/"]}]},{"@type":"BreadcrumbList","@id":"https:\/\/wchmurze.cloud\/index.php\/o-nas\/#breadcrumb","itemListElement":[{"@type":"ListItem","position":1,"name":"Strona g\u0142\u00f3wna","item":"https:\/\/wchmurze.cloud\/"},{"@type":"ListItem","position":2,"name":"O nas"}]},{"@type":"WebSite","@id":"https:\/\/wchmurze.cloud\/#website","url":"https:\/\/wchmurze.cloud\/","name":"W chmurze o chmurze i nie tylko","description":"W chmurze o chmurze i nie tylko","publisher":{"@id":"https:\/\/wchmurze.cloud\/#\/schema\/person\/9832cc6f86f99f541d983d2b8d60f323"},"potentialAction":[{"@type":"SearchAction","target":{"@type":"EntryPoint","urlTemplate":"https:\/\/wchmurze.cloud\/?s={search_term_string}"},"query-input":"required name=search_term_string"}],"inLanguage":"pl-PL"},{"@type":["Person","Organization"],"@id":"https:\/\/wchmurze.cloud\/#\/schema\/person\/9832cc6f86f99f541d983d2b8d60f323","name":"djkormo","image":{"@type":"ImageObject","inLanguage":"pl-PL","@id":"https:\/\/wchmurze.cloud\/#\/schema\/person\/image\/","url":"https:\/\/secure.gravatar.com\/avatar\/14a901b808871fa98086ae259c45d646?s=96&d=mm&r=g","contentUrl":"https:\/\/secure.gravatar.com\/avatar\/14a901b808871fa98086ae259c45d646?s=96&d=mm&r=g","caption":"djkormo"},"logo":{"@id":"https:\/\/wchmurze.cloud\/#\/schema\/person\/image\/"}}]}},"_links":{"self":[{"href":"https:\/\/wchmurze.cloud\/index.php\/wp-json\/wp\/v2\/pages\/7"}],"collection":[{"href":"https:\/\/wchmurze.cloud\/index.php\/wp-json\/wp\/v2\/pages"}],"about":[{"href":"https:\/\/wchmurze.cloud\/index.php\/wp-json\/wp\/v2\/types\/page"}],"author":[{"embeddable":true,"href":"https:\/\/wchmurze.cloud\/index.php\/wp-json\/wp\/v2\/users\/1"}],"replies":[{"embeddable":true,"href":"https:\/\/wchmurze.cloud\/index.php\/wp-json\/wp\/v2\/comments?post=7"}],"version-history":[{"count":17,"href":"https:\/\/wchmurze.cloud\/index.php\/wp-json\/wp\/v2\/pages\/7\/revisions"}],"predecessor-version":[{"id":1464,"href":"https:\/\/wchmurze.cloud\/index.php\/wp-json\/wp\/v2\/pages\/7\/revisions\/1464"}],"wp:featuredmedia":[{"embeddable":true,"href":"https:\/\/wchmurze.cloud\/index.php\/wp-json\/wp\/v2\/media\/1079"}],"wp:attachment":[{"href":"https:\/\/wchmurze.cloud\/index.php\/wp-json\/wp\/v2\/media?parent=7"}],"curies":[{"name":"wp","href":"https:\/\/api.w.org\/{rel}","templated":true}]}}